se 0 = 5*p - 2*p - 3*g - 10302, -k*p - 3*g = -10296. Is p a composite number?
False
Suppose -255 = -4*o + 3*v, -2*o + 67 = 2*v - 71. Suppose 2*l = -5*c - 214 + o, -72 = l + 3*c. Is (-24)/l - 5834/(-14) composite?
True
Let b(g) be the second derivative of 307*g**3/3 - 27*g**2/2 - 62*g. Is b(7) prime?
True
Suppose 3*l - 2*w - 89 = 0, -105 - 9 = -3*l - 3*w. Is ((-2)/(-12))/(l/1929114) a composite number?
False
Let g be 900/(-1020) - (-4)/(-34). Let i(h) = 4301*h**2 - 3*h - 1. Is i(g) a composite number?
True
Suppose -5123*p - 155022 = -5129*p. Is p composite?
True
Let t be (-1941 - 1)*1/(20/(-90)). Let k = 12290 - t. Is k prime?
False
Let c(a) be the first derivative of 2*a**3 - 5*a**2/2 - 12*a - 2. Let y = -49 - -42. Is c(y) a composite number?
False
Let g(x) = x**2 + 3*x + 1. Let c be g(-3). Let k(d) = 6 - 883*d + c - 14. Is k(-2) composite?
False
Let y = -61 - -45. Let k be (y/6)/(22/(-33)). Suppose k*j - 957 - 2455 = 0. Is j a prime number?
True
Is 20 + (-23 - -24)*3125963 a prime number?
False
Suppose p - y - 29117 = 0, 0 = -p + 14*y - 11*y + 29117. Is p composite?
True
Suppose -5*z = 4*c - 925, -4*z + 470 = 8*c - 6*c. Let x = c - -469. Let y = 2747 - x. Is y a prime number?
True
Let g be 3 - (23169/(-2))/(21/28). Let f = g + -9832. Is f prime?
False
Is -2449346*-3*10/(-90)*3/(-2) a composite number?
False
Let a = 899 - 777. Suppose 3*d + d = 20. Let g = a + d. Is g prime?
True
Let v(d) be the third derivative of 349*d**6/30 + d**5/30 + d**4/3 - 7*d**3/6 - 33*d**2. Is v(1) composite?
False
Suppose -65 = -43*x + 30*x. Suppose 0 = 4*p + 3*o - 2450, -x - 1 = 3*o. Is p composite?
True
Suppose 0 = 5*h + 3*v + 52934, 2*h = -3*h - 5*v - 52940. Let c = h + 14863. Suppose -c = -2*i - 5*l, 3*i + 0*i - 5*l = 6467. Is i prime?
False
Suppose -2*k + o = -743561, -6*k = -5*k + 2*o - 371773. Is k a composite number?
False
Suppose 77345 = 2*h + 3*h. Suppose 4*d - 403 = g + 20228, 3*d - h = 5*g. Suppose -m = m - d. Is m a prime number?
True
Suppose -1058614 = -6*s - 67*s + 230055. Is s prime?
False
Let x(c) = -5*c**3 + 15*c**2 - 68*c + 377. Is x(-15) a composite number?
False
Let v = -14266 + 6909. Let f = v + 10868. Is f prime?
True
Let o(u) = -u**3 + u**2 + 4*u + 6. Let w = 5 - 2. Let a be o(w). Suppose 2*l + a*v = -3*v + 1039, -3*l + 1560 = 3*v. Is l a composite number?
False
Let s(j) = 26*j**2 + 5*j - 4. Let q(a) = -51*a**2 - 10*a + 9. Suppose -3*y + 2 = -2*h, -4*h - 2*y + 5*y + 2 = 0. Let t(u) = h*q(u) + 5*s(u). Is t(4) prime?
False
Let c be -1 + (-2)/6 - 94523/39. Let v = -1187 - c. Is v a composite number?
True
Let o(t) = 2*t**2 - 8*t - 6. Let v be o(7). Let p = -38 + v. Let z(b) = 113*b**2 + 6*b + 5. Is z(p) a composite number?
True
Suppose 0 = 6*f - 21*f - 10980. Let s = 385 - f. Is s a prime number?
True
Let n(a) = -55*a + 36753. Let f(x) = 19*x - 12251. Let c(y) = 17*f(y) + 6*n(y). Is c(0) a prime number?
True
Suppose -27436 = -4*k - 2*p, -4*k - 4*p + 21958 = -5470. Is k composite?
True
Let s be (1/(-3))/(13/(-78)). Suppose s*m - 3*h - h = 74, 4*h = 0. Suppose 2887 = -m*o + 38*o. Is o composite?
False
Let y(j) = -8*j - 10. Let l be y(-3). Let v = 17 - l. Suppose 0 = 4*x + v*u - 320 - 155, 0 = 3*x + 3*u - 354. Is x prime?
False
Let y(x) = 20*x**2 - 22*x + 24. Let g be y(-13). Let r = g - -14275. Is r a composite number?
True
Let a(r) be the second derivative of 149*r**3/6 + 5*r**2/2 - 77*r. Is a(6) a composite number?
True
Is 21/((-3087)/(-3009398)) - (-10)/(-105) - 5 composite?
True
Suppose -579801 = -y - 5*s, s = 468 - 472. Is y a composite number?
True
Suppose 21*q + 44*q = -103*q + 10005576. Is q a prime number?
True
Suppose 249 = 5*o + 264. Let x = 16 - 32. Is ((-40)/x)/(o/(-654)) a prime number?
False
Let x = -257 + 258. Is (x/5)/((-11)/(-317845)) a prime number?
True
Let x(j) = 10*j**3 - 42*j**2 + 19*j + 107. Is x(18) a composite number?
False
Let r = -18192 - -50329. Is r a composite number?
True
Suppose 1782616 = 2*d + 5*a - 3*a, 5*d - 4456504 = -a. Is d a composite number?
True
Suppose -124210 = 111*j + 115*j - 228*j. Is j a prime number?
False
Suppose 5 = -3*h - 2*h. Let f be -1 + (-2 - h) - (-325)/(-25). Is 37544/10 - 9/f prime?
False
Let v(r) = -6248*r + 6679. Is v(-3) composite?
False
Let f = 45 - 89. Let l = f + 49. Suppose -l*k + 1947 = 2*r, 4*k - 4*r = -6*r + 1558. Is k a prime number?
True
Let b = -66 + 118. Let j be 1/8*-2 - (-6253)/b. Suppose -919 = 119*z - j*z. Is z a composite number?
False
Let g be (-1915)/(-3) + (-2)/18*-6. Let h = g + 284. Is h prime?
False
Let h = 25 + -22. Suppose 0 = -h*k + 2*q - 5*q + 1644, 2*k - 4*q = 1114. Is k a composite number?
True
Suppose -78*c - 222835 = -5*z - 82*c, 2*z - 89151 = -5*c. Is z prime?
True
Suppose 3*f + 2*l = 2584, 2604 = -2*f + 5*f - 3*l. Suppose 0 = -5*b - f + 3924. Let u = -421 + b. Is u a prime number?
True
Let d(c) be the third derivative of 7*c**6/120 - 11*c**5/60 - 2*c**4/3 - 11*c**3/6 - 102*c**2. Is d(11) composite?
True
Is ((-525874)/6)/((-51)/119 + 14/147) a composite number?
False
Suppose -125*z - 41800138 = -128738088 - 24110675. Is z a composite number?
False
Let b be (-4)/(24 + -27 + 118406/39470). Is (-146)/511 - b/(-14) a composite number?
False
Let o(s) = 604*s**2 - 89*s + 1541. Is o(44) composite?
False
Let m(a) = 14 - 1096*a + 7 - 128. Is m(-6) a composite number?
False
Suppose 2137*h = 2144*h - 44898. Is (h - -1) + (-24)/((-12)/3) prime?
True
Let u(a) = -50*a + 633 - 19*a - 670. Is u(-8) a prime number?
False
Let v = 553 + -538. Suppose -36322 = v*s - 37*s. Is s a composite number?
True
Suppose -2393 = -5*t - 5*k + 3857, -4*t + 5001 = 5*k. Suppose 0 = -g - 3*l + 5099, 5*l - t = -g + 3840. Is g a composite number?
True
Let i(w) be the third derivative of 197*w**4/24 - 5*w**3/2 - w**2. Let x be i(5). Is (-4 - -1)*x/(-6) a prime number?
False
Let a be (-4)/(-22) + (-832278)/(-506). Suppose 1651*c - 81858 = a*c. Is c a composite number?
True
Suppose 3*v - v - 11 = -5*j, 2 = 2*v + 2*j. Let x be 4 + v + 14*-1. Is (-231)/6*x/21 a composite number?
True
Let b(r) = -r**2 + 4*r - 9. Let t be b(4). Let m = -4 - t. Suppose -4708 = -n + p, p + 7741 = m*n - 15811. Is n a prime number?
False
Let i(t) = -t**2 - 7*t + 21. Let p be i(-9). Suppose -5*x - 10 = 0, p*x = -2*n - 22 + 4838. Is n a composite number?
False
Let h(k) = -8*k + 32. Let z be h(4). Suppose a = y + 634, z = 5*a - 4*y - 975 - 2190. Is a a prime number?
False
Suppose -5*m = 3 + 2, 4*h - 4*m - 39788 = 0. Let y = h - 4901. Is y composite?
True
Let o(i) = -493*i + 1539. Is o(-10) prime?
True
Suppose -93375 + 7152 = 2*n - 3*m, -m - 86211 = 2*n. Let q = 76700 + n. Is q a composite number?
True
Suppose -119823081 = -2483*h + 2462*h. Is h a composite number?
True
Let g(j) = -j**2 - 18*j + 3. Let d be 210/(-10) - (-5 + 1). Let v be g(d). Is ((-105)/v - -5)*-140 prime?
False
Let r = 416 - 415. Is 4 - ((r - 791) + -1 + -2) a composite number?
False
Let a(c) = 334*c**2 + 79*c - 1191. Is a(40) prime?
False
Suppose 0 = r + 754 - 756. Is 3/r + (-24739)/(-26) a composite number?
False
Let c(x) = -3*x + 4673. Is c(-36) a prime number?
False
Let o = 572897 + -222510. Is o composite?
True
Is (151 + -152)*(-416796 + -1) a prime number?
True
Is (27912712/96)/(1/3)*4 a composite number?
False
Let b(t) = -757 + 745 + 8*t**2 + 2*t**2 - 28*t + 15*t**2. Suppose -5*a = -14 - 41. Is b(a) a prime number?
False
Let l(i) be the second derivative of -1973*i**3/6 - 175*i**2/2 + 308*i. Is l(-6) a composite number?
True
Let d be (8/12 - -1)*3. Suppose -b = 3*b + d*l - 320, 3*l - 240 = -3*b. Suppose -b = -i - c, i + 6*c = 4*c + 75. Is i a composite number?
True
Suppose 2*a + 2*a + 90 = 3*m, 5*a + 111 = 3*m. Is 14/a*3/4*-898 prime?
True
Suppose 0 = -5*f + 135 + 15. Let j be -43*f/(-45)*3/2. Let a = j - -26. Is a a prime number?
False
Let y(v) = -7*v - 20. Let h be y(-4). Suppose h*p + 9*p = 50983. Is p a composite number?
False
Let u(w) = 65812*w**3 - 3*w**2 + 47*w - 47. Is u(1) a prime number?
True
Suppose 2*t - 18 = -16. Let z(a) = -a**2 - 19*a - 44. Let u be z(-15). Is (u/(-32))/(t/(-14126)) composite?
True
Let r(o) = -3*o - 45. Let n be r(-16). Suppose n*t = -3*l + 4548, t + t - 1515 = -l. Is l composite?
True
Let t = -23 - -27. Suppose p - t*p - 4*w = -21, 5*p - 18 = -w. Suppose 3 = -3*q, n - 1003 + 383 = -p*q. Is n composite?
True
Suppose